{"id":15,"date":"2013-09-19T20:21:45","date_gmt":"2013-09-19T20:21:45","guid":{"rendered":"http:\/\/valledeparedes.wordpress.com\/?page_id=15"},"modified":"2013-09-19T20:21:45","modified_gmt":"2013-09-19T20:21:45","slug":"aavv","status":"publish","type":"page","link":"https:\/\/valledeparedes.es\/?page_id=15","title":{"rendered":"Asociaci\u00f3n de vecinos"},"content":{"rendered":"<p><span style=\"color:#339966;\"><strong><span style=\"text-decoration:underline;\">Asociaci\u00f3n de Vecinos Valle de Paredes<\/span> <\/strong><\/span><br \/>\nLa Asociaci\u00f3n de Vecinos Valle de Paredes, se crea en el mes de julio de 1991. El principal motivo era la oposici\u00f3n a la implantaci\u00f3n de una mina a cielo abierto de feldespato en el valle. Los vecinos se unieron en contra de esta actividad que destruir\u00eda la zona, apoyados por el Ayuntamiento de Vald\u00e9s, la Asociaci\u00f3n Amigos de la Naturaleza de Oviedo, A.N.A. y el Grupo Ecologista el Carbayu de Luarca.<\/p>\n<p>Durante esta lucha surgieron ideas que fueron llevando a cabo, como presentar la candidatura al pueblo ejemplar de Asturias por primer vez en 1995. Durante 7 a\u00f1os se compiti\u00f3 con otros pueblos por conseguir el galard\u00f3n, siendo en cuatro ocasiones finalista, hasta que en el a\u00f1o 2001 se consigui\u00f3.<\/p>\n<p>Para conservar el medio ambiente y las caracter\u00edsticas naturales del valle, surgi\u00f3 la idea de realizar el \u201cDescenso Ecol\u00f3gico\u201d, que consiste en limpiar el cauce del r\u00edo en el tramo comprendido entre Ag\u00fcera y San Pedro de Paredes (5 Km aprox.) y que se realiza en el mes de agosto.<\/p>\n<p><span style=\"text-decoration:underline;color:#339966;\"><strong>Obras y actividades realizadas<\/strong> <\/span><\/p>\n<ul>\n<li>Mejora de la se\u00f1alizaci\u00f3n vertical de los pueblos del Valle de Paredes, mediante letreros indicadores de madera de casta\u00f1o tallado en bajo relieve.<\/li>\n<li>Realizaci\u00f3n de un panel informativo, en madera de casta\u00f1o tallado en bajo relieve, ubicado en la entrada de valle, en el se indican los pueblos que principales puntos a visitar (iglesia parroquial, dolmen, menhir y estela medieval)<\/li>\n<li>Primera restauraci\u00f3n de la Iglesia Parroquial de San Pedro de Paredes, de importancia tanto por sus retablos, como por el Cristo articulado que se guarda en el mismo as\u00ed como las tallas de las im\u00e1genes.<\/li>\n<li>Segunda restauraci\u00f3n de la Iglesia Parroquial de San Pedro, incluyendo el refundimiento de las campanas y la instalaci\u00f3n de un reloj con control electr\u00f3nico.<\/li>\n<li>Instalaci\u00f3n de calefacci\u00f3n en la iglesia parroquial.<\/li>\n<li>Arreglo del cementerio parroquial.<\/li>\n<li>Restauraci\u00f3n de las antiguas escuelas de Ag\u00fcera, que albergan el Centro de Interpretaci\u00f3n de las Hoces del Esva.<\/li>\n<li>Rehabilitaci\u00f3n de las escuelas p\u00fablicas de San Pedro de Paredes, que se utilizan para celebrar reuniones y actividades: arreglo de la cubierta del patio exterior, tra\u00edda de aguas y construcci\u00f3n de un servicio-lavabo, y ejecuci\u00f3n de reparaciones enfocadas a la mejora de la consulta m\u00e9dica.<\/li>\n<li>Se consigue un acceso a internet rural (v\u00eda sat\u00e9lite) y se instalan varios ordenadores en las escuelas de San Pedro.<\/li>\n<li>Gestiones para el arreglo del puente de Bustiello, para la mejora de la comunicaci\u00f3n del pueblo.<\/li>\n<li>Se abren y se\u00f1alizan dos rutas a las Bra\u00f1as Vaqueiras, la BV-1 \u201cCam\u00edn de San Juan\u201d y la BV-2 \u201cEl Fielato\u201d.<\/li>\n<li>Desde el a\u00f1o 1995, organizaci\u00f3n del Descenso Ecol\u00f3gico del R\u00edo Esva.<\/li>\n<li>Desde el a\u00f1o 2000, se organiza el d\u00eda del socio, que consiste en la uni\u00f3n de todos los socios para comer el bollo pre\u00f1ao, terminando la jornada con fiesta.<\/li>\n<li>Desde el a\u00f1o 2003, organizaci\u00f3n de la Muestra de Oficios y Costumbres del Medio Rural, una feria de artesan\u00eda y productos de la zona con la demostraci\u00f3n en vivo de oficios ya en desuso que se celebra durante la Semana Santa.<\/li>\n<li>Cabalgata de reyes y bel\u00e9n viviente. La iniciativa se llev\u00f3 a cabo gracias a la colaboraci\u00f3n de varias mujeres (que confeccionaron los trajes de los reyes y pajes) y de varios voluntarios.<\/li>\n<li>Organizaci\u00f3n de excursiones para conocer Asturias y las provincias vecinas, buscando siempre, visitas relacionadas con la naturaleza.<\/li>\n<li>Se organizan cursos, dedicados a la cocina, manualidades, ejercicio f\u00edsico, agricultura y ganader\u00eda, medios de vida, etc.<\/li>\n<li>Exposiciones sobre las ra\u00edces y la historia del valle.<\/li>\n<li>Organizaci\u00f3n de concursos fotogr\u00e1ficos sobre paisajes, arquitectura popular, etc, y concurso para dise\u00f1o de camisetas.<\/li>\n<li>Desde el a\u00f1o 2013, se organiza una sextaferia para limpiar la ruta de las Hoces del Esva.<\/li>\n<li>Se organiza un campeonato de tute.<\/li>\n<li>En 2014 se renueva y mejora la se\u00f1alizaci\u00f3n de las rutas PR AS-1 y PR AS-2.<\/li>\n<\/ul>\n","protected":false},"excerpt":{"rendered":"<p>Asociaci\u00f3n de Vecinos Valle de Paredes La Asociaci\u00f3n de Vecinos Valle de Paredes, se crea en el mes de julio de 1991. El principal motivo era la oposici\u00f3n a la implantaci\u00f3n de una mina a cielo abierto de feldespato en el valle. Los vecinos se unieron en contra de esta actividad que destruir\u00eda la zona, [&hellip;]<\/p>\n","protected":false},"author":2,"featured_media":0,"parent":0,"menu_order":7,"comment_status":"open","ping_status":"open","template":"","meta":{"footnotes":""},"class_list":["post-15","page","type-page","status-publish","hentry"],"aioseo_notices":[],"_links":{"self":[{"href":"https:\/\/valledeparedes.es\/index.php?rest_route=\/wp\/v2\/pages\/15","targetHints":{"allow":["GET"]}}],"collection":[{"href":"https:\/\/valledeparedes.es\/index.php?rest_route=\/wp\/v2\/pages"}],"about":[{"href":"https:\/\/valledeparedes.es\/index.php?rest_route=\/wp\/v2\/types\/page"}],"author":[{"embeddable":true,"href":"https:\/\/valledeparedes.es\/index.php?rest_route=\/wp\/v2\/users\/2"}],"replies":[{"embeddable":true,"href":"https:\/\/valledeparedes.es\/index.php?rest_route=%2Fwp%2Fv2%2Fcomments&post=15"}],"version-history":[{"count":0,"href":"https:\/\/valledeparedes.es\/index.php?rest_route=\/wp\/v2\/pages\/15\/revisions"}],"wp:attachment":[{"href":"https:\/\/valledeparedes.es\/index.php?rest_route=%2Fwp%2Fv2%2Fmedia&parent=15"}],"curies":[{"name":"wp","href":"https:\/\/api.w.org\/{rel}","templated":true}]}}