{"id":150,"date":"2013-08-31T19:29:08","date_gmt":"2013-08-31T19:29:08","guid":{"rendered":"http:\/\/valledeparedes.wordpress.com\/?page_id=1"},"modified":"2013-08-31T19:29:08","modified_gmt":"2013-08-31T19:29:08","slug":"historia","status":"publish","type":"page","link":"https:\/\/valledeparedes.es\/?page_id=150","title":{"rendered":"Historia"},"content":{"rendered":"<p><span style=\"text-decoration:underline;color:#339966;\"><strong>&#8211; PREHISTORIA<\/strong><\/span><br \/>\n\u00b7 <span style=\"text-decoration:underline;\">PALEOL\u00cdTICO<\/span>:\u00a0En distintas partes del valle han aparecido hachas de mano que se pueden catalogar de la cultura Achelense, unos 100.000 a\u00f1os AC, tambi\u00e9n se ha hallado alg\u00fan \u00abpico asturiense\u00bb. Y puede que alguna de las cuevas que poseemos haya sido habitada, especialmente la del Valdovieco, sobre uno de los meandros del r\u00edo, lugar id\u00f3neo para practicar las caza y la pesca, base de su alimentaci\u00f3n junto con hierbas, semillas y ra\u00edces.<\/p>\n<p>Una pena que Adolfo Rodr\u00edguez Asensio, profesor de Prehistoria de la Universidad de Oviedo, no haya podido realizar las excavaciones y estudios correspondientes en nuestro valle.<\/p>\n<p>\u00b7 <span style=\"text-decoration:underline;\">NEOL\u00cdTICO<\/span>: Hacia el IV milenio AC se produjo un profundo cambio en la vida econ\u00f3mica de estos pueblos. Se va pasando poco a poco de la simple recolecci\u00f3n de alimentos a la producci\u00f3n, basada en el cultivo de los campos y en la domesticaci\u00f3n de animales.<\/p>\n<p>Los grupos humanos se hacen sedentarios, aparecen los primeros poblados a base de chozas y caba\u00f1as que luego se fortifican, dando origen a los castros. Se organizan socialmente, surgen las primeras manifestaciones religiosas, especialmente el culto a los muertos. Los principales monumentos dedicados a estos cultos son los d\u00f3lmenes, los menhires y las estelas funerarias.<\/p>\n<p>Pues bien, en nuestro valle hubo al menos tres castros a\u00fan hoy sin excavar ni estudiar.<\/p>\n<p>Se mantiene en pie un menhir en Ovienes, como monumento a los muertos enterrados en el mont\u00edculo (t\u00famulo) cercano, en el que se encuentra la Capilla de Santiago. En dicha capilla se descubri\u00f3 en la \u00faltima restauraci\u00f3n una estela funeraria, una l\u00e1pida de un jefe guerrero, ya que representa un torso y cabeza masculina con un pu\u00f1al en la mano sobre el pecho. En cuanto a los d\u00f3lmenes, se conserva uno en La Vega, el dolmen de Restiello.<\/p>\n<p><span style=\"color:#339966;\"><strong><span style=\"text-decoration:underline;\">&#8211; \u00c9POCA ROMANA<\/span><\/strong><\/span><br \/>\nLos romanos explotaron las minas de oro de Navelgas a pocos kil\u00f3metros al SE del valle. Transportaban el oro a trav\u00e9s de nuestro valle hasta Trev\u00edas para luego embarcarlo en Luarca. A\u00fan perduran caminos empedrados, posiblemente calzadas romanas.<\/p>\n<p>En el vecino pueblo de Mer\u00e1s se encontr\u00f3 una l\u00e1pida romana perteneciente a un patricio romano. Seg\u00fan Schulz, en nuestro valle, entre Ovienes y Bustiello, se encontraba un fil\u00f3n de oro explotado por el sistema de \u00abtrinchera\u00bb.<\/p>\n<p>Se encuentran restos de canales \u00abestrechas\u00bb y \u00abmurias\u00bb. Seg\u00fan Schulz debieron existir hornos de fundici\u00f3n atestiguados por las escorias.<\/p>\n<p><span style=\"text-decoration:underline;color:#339966;\"><strong>&#8211; EDAD MEDIA<\/strong><\/span><br \/>\nDe la Edad Media quedan vestigios religiosos:<\/p>\n<p>\u00b7 Iglesia Parroquial de San Pedro de origen rom\u00e1nico y posteriormente transformada.<\/p>\n<p>\u00b7 Merecen menci\u00f3n especial las ermitas, particularmente la de Santiago en el mont\u00edculo de Ovienes, lugar sagrado de los Castre\u00f1os, ya que era su cementerio.<\/p>\n<p>Por tradici\u00f3n oral sabemos que por el valle pas\u00f3 una rama del Camino de Santiago que, procedente de la costa, se unir\u00eda a la de Tineo y Pola de Allande a trav\u00e9s de Naraval &#8211; Navelgas &#8211; B\u00e1rcena. Algunos de nuestros caminos tienen el nombre de \u00abCarril del Fran\u00e9s\u00bb y \u00abCam\u00edn del Franc\u00e9s\u00bb.<\/p>\n<p>En Ovienes tambi\u00e9n existi\u00f3 una malater\u00eda.<\/p>\n","protected":false},"excerpt":{"rendered":"<p>&#8211; PREHISTORIA \u00b7 PALEOL\u00cdTICO:\u00a0En distintas partes del valle han aparecido hachas de mano que se pueden catalogar de la cultura Achelense, unos 100.000 a\u00f1os AC, tambi\u00e9n se ha hallado alg\u00fan \u00abpico asturiense\u00bb. Y puede que alguna de las cuevas que poseemos haya sido habitada, especialmente la del Valdovieco, sobre uno de los meandros del r\u00edo, [&hellip;]<\/p>\n","protected":false},"author":2,"featured_media":0,"parent":0,"menu_order":11,"comment_status":"open","ping_status":"open","template":"","meta":{"footnotes":""},"class_list":["post-150","page","type-page","status-publish","hentry"],"aioseo_notices":[],"_links":{"self":[{"href":"https:\/\/valledeparedes.es\/index.php?rest_route=\/wp\/v2\/pages\/150","targetHints":{"allow":["GET"]}}],"collection":[{"href":"https:\/\/valledeparedes.es\/index.php?rest_route=\/wp\/v2\/pages"}],"about":[{"href":"https:\/\/valledeparedes.es\/index.php?rest_route=\/wp\/v2\/types\/page"}],"author":[{"embeddable":true,"href":"https:\/\/valledeparedes.es\/index.php?rest_route=\/wp\/v2\/users\/2"}],"replies":[{"embeddable":true,"href":"https:\/\/valledeparedes.es\/index.php?rest_route=%2Fwp%2Fv2%2Fcomments&post=150"}],"version-history":[{"count":0,"href":"https:\/\/valledeparedes.es\/index.php?rest_route=\/wp\/v2\/pages\/150\/revisions"}],"wp:attachment":[{"href":"https:\/\/valledeparedes.es\/index.php?rest_route=%2Fwp%2Fv2%2Fmedia&parent=150"}],"curies":[{"name":"wp","href":"https:\/\/api.w.org\/{rel}","templated":true}]}}