{"id":18,"date":"2013-09-19T20:25:19","date_gmt":"2013-09-19T20:25:19","guid":{"rendered":"http:\/\/valledeparedes.wordpress.com\/?page_id=18"},"modified":"2013-09-19T20:25:19","modified_gmt":"2013-09-19T20:25:19","slug":"donde-comerdormir","status":"publish","type":"page","link":"https:\/\/valledeparedes.es\/?page_id=18","title":{"rendered":"Donde comer\/dormir"},"content":{"rendered":"<h1><span style=\"text-decoration:underline;\">Dormir<\/span><\/h1>\n<p><span style=\"color:#339966;\"><strong><span style=\"text-decoration:underline;\">POSADA DE LAS HOCES (Bustiello de Paredes)<\/span><\/strong><\/span><\/p>\n<p>Alojamientos de turismo rural situados en el pueblo de Bustiello de Paredes, en plena ruta de las Hoces del Esva.<\/p>\n<p>Cada alojamiento cuenta con dos habitaciones (cuatro plazas m\u00e1s dos extra), cocina-sal\u00f3n, dos ba\u00f1os (ducha hidromasaje y ba\u00f1era hidromasaje), amplia terraza con hermosas vistas y parrilla-barbacoa. Disponen de lavander\u00eda y aparcamiento.<\/p>\n<p>Tel\u00e9fono: 985 64 75 84\u00a0\u00a0\u00a0 M\u00f3vil: 627 941 841<br \/>\nWeb:<a title=\" www.posadadelashoces.es\" href=\"http:\/\/www.posadadelashoces.es\" target=\"_blank\" rel=\"noopener\"> www.posadadelashoces.es<\/a><\/p>\n<p>&nbsp;<\/p>\n<h1><span style=\"text-decoration:underline;\">Comer<\/span><\/h1>\n<p><span style=\"text-decoration:underline;\"><span style=\"color:#339966;\"><strong>BAR CASA EL OBISPO\u00a0(San Pedro de Paredes)<\/strong><\/span><\/span><br \/>\nNegocio tradicional del Valle de Paredes. Comida t\u00edpica de la zona elaborada con productos asturianos.<\/p>\n<p>Men\u00fa diario. Especialidades:<br \/>\n&#8211;\u00a0Pote asturiano, menestra, carnes, costillas, tapas \u00a0y raciones de embutidos y quesos<br \/>\n&#8211; Postres (freixuelos, arroz con leche, natillas, reques\u00f3n)<br \/>\n&#8211; Presupuesto para grupos (monta\u00f1a, motos, etc)<\/p>\n<p>&#8211; Venta de artesan\u00eda de la zona<br \/>\n-Alquiler de casa rural<\/p>\n<p>Tel\u00e9fono: 985 64 73 99 \u00a0\u00a0M\u00f3vil: 667 07 99 88<\/p>\n<p><a href=\"https:\/\/www.facebook.com\/josemaria61\/\" target=\"_blank\" rel=\"noopener\">P\u00e1gina Facebook<\/a><\/p>\n<p>&nbsp;<\/p>\n<p><span style=\"color:#339966;\"><strong><span style=\"text-decoration:underline;\">BAR EL SUCO (El Suco &#8211; Longrey)<\/span><\/strong><\/span><br \/>\nSituado a orillas del R\u00edo Esva y a 100m del Centro de Interpretaci\u00f3n de las Hoces del Esva.<\/p>\n<p>&#8211; Comidas y cenas por encargo<br \/>\n&#8211; Especialidades: tapas, pinchos, bocadillos, men\u00fas, desayunos<\/p>\n<p>Comidas elaboradas con productos asturianos:<br \/>\n&#8211; Fabada, potaje, callos caseros con patatas<br \/>\n&#8211; Parrillada (costillas, criollos, chorizo rojo) y paella, por encargo<br \/>\n&#8211; Postres caseros<\/p>\n<p>Aparcamiento propio<\/p>\n<p>Tel\u00e9fono: 985 55 59 20\u00a0 M\u00f3vil: 671 91 96 44<\/p>\n<p><a href=\"https:\/\/www.facebook.com\/Bar-el-Suco-242473995784184\/\" target=\"_blank\" rel=\"noopener\">P\u00e1gina Facebook<\/a><\/p>\n","protected":false},"excerpt":{"rendered":"<p>Dormir POSADA DE LAS HOCES (Bustiello de Paredes) Alojamientos de turismo rural situados en el pueblo de Bustiello de Paredes, en plena ruta de las Hoces del Esva. Cada alojamiento cuenta con dos habitaciones (cuatro plazas m\u00e1s dos extra), cocina-sal\u00f3n, dos ba\u00f1os (ducha hidromasaje y ba\u00f1era hidromasaje), amplia terraza con hermosas vistas y parrilla-barbacoa. Disponen [&hellip;]<\/p>\n","protected":false},"author":2,"featured_media":0,"parent":0,"menu_order":8,"comment_status":"open","ping_status":"open","template":"","meta":{"footnotes":""},"class_list":["post-18","page","type-page","status-publish","hentry"],"aioseo_notices":[],"_links":{"self":[{"href":"https:\/\/valledeparedes.es\/index.php?rest_route=\/wp\/v2\/pages\/18","targetHints":{"allow":["GET"]}}],"collection":[{"href":"https:\/\/valledeparedes.es\/index.php?rest_route=\/wp\/v2\/pages"}],"about":[{"href":"https:\/\/valledeparedes.es\/index.php?rest_route=\/wp\/v2\/types\/page"}],"author":[{"embeddable":true,"href":"https:\/\/valledeparedes.es\/index.php?rest_route=\/wp\/v2\/users\/2"}],"replies":[{"embeddable":true,"href":"https:\/\/valledeparedes.es\/index.php?rest_route=%2Fwp%2Fv2%2Fcomments&post=18"}],"version-history":[{"count":0,"href":"https:\/\/valledeparedes.es\/index.php?rest_route=\/wp\/v2\/pages\/18\/revisions"}],"wp:attachment":[{"href":"https:\/\/valledeparedes.es\/index.php?rest_route=%2Fwp%2Fv2%2Fmedia&parent=18"}],"curies":[{"name":"wp","href":"https:\/\/api.w.org\/{rel}","templated":true}]}}