{"id":43,"date":"2013-09-26T19:59:38","date_gmt":"2013-09-26T19:59:38","guid":{"rendered":"http:\/\/valledeparedes.wordpress.com\/?page_id=43"},"modified":"2013-09-26T19:59:38","modified_gmt":"2013-09-26T19:59:38","slug":"rutas-senderismo","status":"publish","type":"page","link":"https:\/\/valledeparedes.es\/?page_id=43","title":{"rendered":"Rutas de senderismo"},"content":{"rendered":"<p>En el Valle de Paredes se pueden realizar varias rutas de senderismo, existiendo 4 de ellas se\u00f1alizadas, siendo la m\u00e1s conocida la que discurre por las Hoces del Esva.<\/p>\n<p><span style=\"text-decoration:underline;color:#008000;\"><strong>PR AS-1: Hoces del Esva<\/strong><\/span><br \/>\nSu principal atractivo es el paisaje protegido de la Cuenca del Esva, la flora y la fauna, as\u00ed como las maravillosas vistas hacia el valle y sus alrededores que se pueden observar a lo largo del recorrido.<br \/>\nSe trata de una ruta en forma de \u00ab8\u00bb\u00a0de unos 17 km (ruta m\u00e1s larga), que se puede comenzar en el Centro de Interpretaci\u00f3n de las Hoces del Esva (Ag\u00fcera), en San Pedro de Paredes o en Calleras<\/p>\n<p>Desde el Centro de Interpretaci\u00f3n, hay que dirigirse hacia Bustiello, cruzando el puente sobre el R\u00edo Esva, donde se debe tomar otro camino que lleva hasta el \u00abCaban\u00f3n\u00bb (unos 2 km). Poco antes de llegar, hay un desv\u00edo hacia la izquierda que lleva hasta la antigua central el\u00e9ctrica (actualmente abandonada), y que es de ida y vuelta (unos 700m).<br \/>\nEn la zona del \u00abCaban\u00f3n\u00bb, una vez pasado el antiguo almac\u00e9n\u00a0de la central el\u00e9ctrica, se puede coger el desv\u00edo hacia la izquierda y subir\u00a0hacia Relloso y Adrao (unos de 2 km) o bien continuar por la derecha hacia el embalse y Calleras.<\/p>\n<p>Desde el camino entre las bra\u00f1as de Relloso y Adrao hay unas grandes vistas hacia las hoces, el valle y su entorno.<br \/>\nDurante la subida hacia la zona m\u00e1s alta de las hoces, se pueden observar las laderas de hasta 300m de altura dibujadas por el R\u00edo Esva.\u00a0En Adrao comienza la bajada por un empinado camino hacia San Pedro, donde se pueden recuperar fuerzas, para continuar ruta por Granda y Longrey antes de terminar en el Centro de Interpretaci\u00f3n.<\/p>\n<p>El camino\u00a0que\u00a0contin\u00faa hacia el embalse y Calleras (que\u00a0comparte recorrido con PR As-2), comienza por un sendero excavado en la roca paralelo al R\u00edo Esva, que lleva hasta el antiguo embalse.\u00a0Despu\u00e9s, contin\u00faa hasta Ese de Calleras a trav\u00e9s de una serie de escalinatas y pasarelas sobre el r\u00edo.<br \/>\nEn Ese de Calleras se puede volver por el mismo recorrido, o continuar hasta Calleras y regresar por una senda m\u00e1s elevada, desde la que se tiene una mayor perspectiva de la zona, hasta el \u00abCaban\u00f3n\u00bb, donde se enlaza con el camino que sube hacia Relloso y Adrao.<\/p>\n<ul>\n<li>Salida: Centro de Interpretaci\u00f3n, Calleras \u00a0\u00f3\u00a0 San Pedro<\/li>\n<li>Llegada:\u00a0Calleras, San Pedro \u00f3 Ag\u00fcera<\/li>\n<li>Distancia: seg\u00fan recorrido elegido (m\u00e1ximo 17 km)<\/li>\n<li>Dificultad: media-alta (seg\u00fan la zona)<\/li>\n<\/ul>\n\n<p><span style=\"text-decoration:underline;\"><span style=\"color:#008000;\"><strong>PR AS-2: El Embalse<\/strong><\/span><\/span><br \/>\nOfrece una parte del recorrido de la ruta de las Hoces del Esva (unos 7 km ida y vuelta), por un bosque de ribera con robles, fresnos, casta\u00f1os y pinos.<\/p>\n<p>Desde el Centro de Interpretaci\u00f3n, hay que dirigirse hacia Bustiello, cruzando el puente sobre el R\u00edo Esva, donde se debe tomar otro camino que lleva hasta el \u00abCaban\u00f3n\u00bb (unos 2 km). Poco antes de llegar, hay un desv\u00edo hacia la izquierda que lleva hasta la antigua central el\u00e9ctrica (actualmente abandonada), y que es de ida y vuelta (unos 900m).<br \/>\nEn la zona del \u00abCaban\u00f3n\u00bb se debe\u00a0continuar por el camino de la derecha direcci\u00f3n \u00abCalleras\u00bb. \u00a0En esta zona, el camino discurre por una senda excavada en la roca, paralela al R\u00edo Esva, que lleva hasta el antiguo embalse.<br \/>\nEn el embalse, se puede volver por el mismo recorrido, o continuar por la ruta de las Hoces del Esva (PR \u00a0AS-1) hasta Ese de Calleras.<\/p>\n<ul>\n<li>Salida: Centro de Interpretaci\u00f3n de las Hoces del Esva (Ag\u00fcera)<\/li>\n<li>Llegada:\u00a0Centro de Interpretaci\u00f3n de las Hoces del Esva (Ag\u00fcera)<\/li>\n<li>Distancia: unos 7 km (ida y vuelta)<\/li>\n<li>Dificultad: media<\/li>\n<\/ul>\n<p><a href=\"https:\/\/es.wikiloc.com\/rutas-senderismo\/pr-as-2-el-embalse-rio-esva-60330432\" target=\"_blank\" rel=\"noopener\">Track WIKILOC<\/a><\/p>\n\n<p><span style=\"text-decoration:underline;\"><span style=\"color:#008000;\"><strong>PR AS-178: Capilla de San Juan<\/strong><\/span><\/span><br \/>\nRuta circular con salida y llegada en san Pedro, y que transcurre por pistas de monte. Asciende por Busindre y Candan\u00edn hasta la capilla de San Juan (que da nombre a la ruta), y regresa de nuevo a San Pedro por Mer\u00e1s y La Llamiella.<\/p>\n<p>Ofrece un recorrido a trav\u00e9s del bosque y la naturaleza, con buenas vistas del entorno y las bra\u00f1as por las que discurre, as\u00ed como de la costa valdesana.<\/p>\n<ul>\n<li>Salida y llegada: San Pedro<\/li>\n<li>Distancia: 13 km aprox<\/li>\n<li>Dificultad: baja-media<\/li>\n<\/ul>\n\n<p><span style=\"text-decoration:underline;\"><span style=\"color:#008000;\"><strong>PR AS-179: Ruta El Fielato<\/strong><\/span><\/span><br \/>\nEs una ruta circular que sigue los antiguos caminos utilizados por los vaqueiros, desde Paredes hasta Carbono y Arist\u00e9bano.<\/p>\n<p>Saliendo de San Pedro, se debe subir hasta Pi\u00f1era, donde se termina el camino asfaltado y se contin\u00faa por el camino a trav\u00e9s del monte. Tras recorrer unos 4 km se llega a Caborno, para\u00a0continuar unos 2 km por la carretera AS-219 hasta Arist\u00e9bano, donde se ubicada el Fielato (antiguo lugar de pago por el paso del concejo de Luarca al de Tineo). En Arist\u00e9bano se celebra cada a\u00f1o en la capilla de la Divina Pastora, el \u00faltimo domingo de Julio, la boda tradicional seg\u00fan la cultura Vaqueira (reconocida como Fiesta de Inter\u00e9s Tur\u00edstico Nacional).<\/p>\n<p>Tras pasar por\u00a0Arist\u00e9bano, la ruta comienza el descenso hacia el Valle de Paredes, por otro camino de monte de unos 3 km hasta La Pedrera y Ovienes, donde la ruta contin\u00faa por la carretera. Se pasa junto al menhir y la Capilla de Santiago, donde se encuentra la estela funeraria.<\/p>\n<p>Siguiendo la carretera, se llega al Centro de Interpretaci\u00f3n de las Hoces, en Ag\u00fcera. Una vez llegados aqu\u00ed, comienza la \u00faltima ascensi\u00f3n hasta Longrey y a partir de aqu\u00ed, la ruta desciende de nuevo hasta San Pedro.<\/p>\n<ul>\n<li>Salida y llegada:\u00a0 San Pedro<\/li>\n<li>Distancia: 16 km<\/li>\n<li>Dificultad: baja-media<\/li>\n<\/ul>\n\n\t\t<style type=\"text\/css\">\n\t\t\t#gallery-4 {\n\t\t\t\tmargin: auto;\n\t\t\t}\n\t\t\t#gallery-4 .gallery-item {\n\t\t\t\tfloat: left;\n\t\t\t\tmargin-top: 10px;\n\t\t\t\ttext-align: center;\n\t\t\t\twidth: 33%;\n\t\t\t}\n\t\t\t#gallery-4 img {\n\t\t\t\tborder: 2px solid #cfcfcf;\n\t\t\t}\n\t\t\t#gallery-4 .gallery-caption {\n\t\t\t\tmargin-left: 0;\n\t\t\t}\n\t\t\t\/* see gallery_shortcode() in wp-includes\/media.php *\/\n\t\t<\/style>\n\t\t<div id='gallery-4' class='gallery galleryid-43 gallery-columns-3 gallery-size-thumbnail'><dl class='gallery-item'>\n\t\t\t<dt class='gallery-icon landscape'>\n\t\t\t\t<a href='https:\/\/valledeparedes.es\/?attachment_id=112'><img loading=\"lazy\" decoding=\"async\" width=\"150\" height=\"150\" src=\"https:\/\/valledeparedes.es\/wp-content\/uploads\/2013\/09\/dscf3503-150x150.jpg\" class=\"attachment-thumbnail size-thumbnail\" alt=\"\" \/><\/a>\n\t\t\t<\/dt><\/dl><dl class='gallery-item'>\n\t\t\t<dt class='gallery-icon landscape'>\n\t\t\t\t<a href='https:\/\/valledeparedes.es\/?attachment_id=101'><img loading=\"lazy\" decoding=\"async\" width=\"150\" height=\"150\" src=\"https:\/\/valledeparedes.es\/wp-content\/uploads\/2013\/09\/dscf2953-150x150.jpg\" class=\"attachment-thumbnail size-thumbnail\" alt=\"\" \/><\/a>\n\t\t\t<\/dt><\/dl>\n\t\t\t<br style='clear: both' \/>\n\t\t<\/div>\n\n","protected":false},"excerpt":{"rendered":"<p>En el Valle de Paredes se pueden realizar varias rutas de senderismo, existiendo 4 de ellas se\u00f1alizadas, siendo la m\u00e1s conocida la que discurre por las Hoces del Esva. PR AS-1: Hoces del Esva Su principal atractivo es el paisaje protegido de la Cuenca del Esva, la flora y la fauna, as\u00ed como las maravillosas [&hellip;]<\/p>\n","protected":false},"author":2,"featured_media":0,"parent":0,"menu_order":3,"comment_status":"open","ping_status":"open","template":"","meta":{"footnotes":""},"class_list":["post-43","page","type-page","status-publish","hentry"],"aioseo_notices":[],"_links":{"self":[{"href":"https:\/\/valledeparedes.es\/index.php?rest_route=\/wp\/v2\/pages\/43","targetHints":{"allow":["GET"]}}],"collection":[{"href":"https:\/\/valledeparedes.es\/index.php?rest_route=\/wp\/v2\/pages"}],"about":[{"href":"https:\/\/valledeparedes.es\/index.php?rest_route=\/wp\/v2\/types\/page"}],"author":[{"embeddable":true,"href":"https:\/\/valledeparedes.es\/index.php?rest_route=\/wp\/v2\/users\/2"}],"replies":[{"embeddable":true,"href":"https:\/\/valledeparedes.es\/index.php?rest_route=%2Fwp%2Fv2%2Fcomments&post=43"}],"version-history":[{"count":0,"href":"https:\/\/valledeparedes.es\/index.php?rest_route=\/wp\/v2\/pages\/43\/revisions"}],"wp:attachment":[{"href":"https:\/\/valledeparedes.es\/index.php?rest_route=%2Fwp%2Fv2%2Fmedia&parent=43"}],"curies":[{"name":"wp","href":"https:\/\/api.w.org\/{rel}","templated":true}]}}

<p>En el Valle de Paredes se pueden realizar varias rutas de senderismo, existiendo 4 de ellas señalizadas, siendo la más conocida la que discurre por las Hoces del Esva.</p>
<p><span style="text-decoration:underline;color:#008000;"><strong>PR AS-1: Hoces del Esva</strong></span><br />
Su principal atractivo es el paisaje protegido de la Cuenca del Esva, la flora y la fauna, así como las maravillosas vistas hacia el valle y sus alrededores que se pueden observar a lo largo del recorrido.<br />
Se trata de una ruta en forma de «8» de unos 17 km (ruta más larga), que se puede comenzar en el Centro de Interpretación de las Hoces del Esva (Agüera), en San Pedro de Paredes o en Calleras</p>
<p>Desde el Centro de Interpretación, hay que dirigirse hacia Bustiello, cruzando el puente sobre el Río Esva, donde se debe tomar otro camino que lleva hasta el «Cabanón» (unos 2 km). Poco antes de llegar, hay un desvío hacia la izquierda que lleva hasta la antigua central eléctrica (actualmente abandonada), y que es de ida y vuelta (unos 700m).<br />
En la zona del «Cabanón», una vez pasado el antiguo almacén de la central eléctrica, se puede coger el desvío hacia la izquierda y subir hacia Relloso y Adrao (unos de 2 km) o bien continuar por la derecha hacia el embalse y Calleras.</p>
<p>Desde el camino entre las brañas de Relloso y Adrao hay unas grandes vistas hacia las hoces, el valle y su entorno.<br />
Durante la subida hacia la zona más alta de las hoces, se pueden observar las laderas de hasta 300m de altura dibujadas por el Río Esva. En Adrao comienza la bajada por un empinado camino hacia San Pedro, donde se pueden recuperar fuerzas, para continuar ruta por Granda y Longrey antes de terminar en el Centro de Interpretación.</p>
<p>El camino que continúa hacia el embalse y Calleras (que comparte recorrido con PR As-2), comienza por un sendero excavado en la roca paralelo al Río Esva, que lleva hasta el antiguo embalse. Después, continúa hasta Ese de Calleras a través de una serie de escalinatas y pasarelas sobre el río.<br />
En Ese de Calleras se puede volver por el mismo recorrido, o continuar hasta Calleras y regresar por una senda más elevada, desde la que se tiene una mayor perspectiva de la zona, hasta el «Cabanón», donde se enlaza con el camino que sube hacia Relloso y Adrao.</p>
<ul>
<li>Salida: Centro de Interpretación, Calleras  ó  San Pedro</li>
<li>Llegada: Calleras, San Pedro ó Agüera</li>
<li>Distancia: según recorrido elegido (máximo 17 km)</li>
<li>Dificultad: media-alta (según la zona)</li>
</ul>

<p><span style="text-decoration:underline;"><span style="color:#008000;"><strong>PR AS-2: El Embalse</strong></span></span><br />
Ofrece una parte del recorrido de la ruta de las Hoces del Esva (unos 7 km ida y vuelta), por un bosque de ribera con robles, fresnos, castaños y pinos.</p>
<p>Desde el Centro de Interpretación, hay que dirigirse hacia Bustiello, cruzando el puente sobre el Río Esva, donde se debe tomar otro camino que lleva hasta el «Cabanón» (unos 2 km). Poco antes de llegar, hay un desvío hacia la izquierda que lleva hasta la antigua central eléctrica (actualmente abandonada), y que es de ida y vuelta (unos 900m).<br />
En la zona del «Cabanón» se debe continuar por el camino de la derecha dirección «Calleras».  En esta zona, el camino discurre por una senda excavada en la roca, paralela al Río Esva, que lleva hasta el antiguo embalse.<br />
En el embalse, se puede volver por el mismo recorrido, o continuar por la ruta de las Hoces del Esva (PR  AS-1) hasta Ese de Calleras.</p>
<ul>
<li>Salida: Centro de Interpretación de las Hoces del Esva (Agüera)</li>
<li>Llegada: Centro de Interpretación de las Hoces del Esva (Agüera)</li>
<li>Distancia: unos 7 km (ida y vuelta)</li>
<li>Dificultad: media</li>
</ul>
<p><a href="https://es.wikiloc.com/rutas-senderismo/pr-as-2-el-embalse-rio-esva-60330432" target="_blank" rel="noopener">Track WIKILOC</a></p>

<p><span style="text-decoration:underline;"><span style="color:#008000;"><strong>PR AS-178: Capilla de San Juan</strong></span></span><br />
Ruta circular con salida y llegada en san Pedro, y que transcurre por pistas de monte. Asciende por Busindre y Candanín hasta la capilla de San Juan (que da nombre a la ruta), y regresa de nuevo a San Pedro por Merás y La Llamiella.</p>
<p>Ofrece un recorrido a través del bosque y la naturaleza, con buenas vistas del entorno y las brañas por las que discurre, así como de la costa valdesana.</p>
<ul>
<li>Salida y llegada: San Pedro</li>
<li>Distancia: 13 km aprox</li>
<li>Dificultad: baja-media</li>
</ul>

<p><span style="text-decoration:underline;"><span style="color:#008000;"><strong>PR AS-179: Ruta El Fielato</strong></span></span><br />
Es una ruta circular que sigue los antiguos caminos utilizados por los vaqueiros, desde Paredes hasta Carbono y Aristébano.</p>
<p>Saliendo de San Pedro, se debe subir hasta Piñera, donde se termina el camino asfaltado y se continúa por el camino a través del monte. Tras recorrer unos 4 km se llega a Caborno, para continuar unos 2 km por la carretera AS-219 hasta Aristébano, donde se ubicada el Fielato (antiguo lugar de pago por el paso del concejo de Luarca al de Tineo). En Aristébano se celebra cada año en la capilla de la Divina Pastora, el último domingo de Julio, la boda tradicional según la cultura Vaqueira (reconocida como Fiesta de Interés Turístico Nacional).</p>
<p>Tras pasar por Aristébano, la ruta comienza el descenso hacia el Valle de Paredes, por otro camino de monte de unos 3 km hasta La Pedrera y Ovienes, donde la ruta continúa por la carretera. Se pasa junto al menhir y la Capilla de Santiago, donde se encuentra la estela funeraria.</p>
<p>Siguiendo la carretera, se llega al Centro de Interpretación de las Hoces, en Agüera. Una vez llegados aquí, comienza la última ascensión hasta Longrey y a partir de aquí, la ruta desciende de nuevo hasta San Pedro.</p>
<ul>
<li>Salida y llegada:  San Pedro</li>
<li>Distancia: 16 km</li>
<li>Dificultad: baja-media</li>
</ul>

		<style type="text/css">
			#gallery-4 {
				margin: auto;
			}
			#gallery-4 .gallery-item {
				float: left;
				margin-top: 10px;
				text-align: center;
				width: 33%;
			}
			#gallery-4 img {
				border: 2px solid #cfcfcf;
			}
			#gallery-4 .gallery-caption {
				margin-left: 0;
			}
			/* see gallery_shortcode() in wp-includes/media.php */
		</style>
		<div id='gallery-4' class='gallery galleryid-43 gallery-columns-3 gallery-size-thumbnail'><dl class='gallery-item'>
			<dt class='gallery-icon landscape'>
				<a href='https://valledeparedes.es/?attachment_id=112'><img loading="lazy" decoding="async" width="150" height="150" src="https://valledeparedes.es/wp-content/uploads/2013/09/dscf3503-150x150.jpg" class="attachment-thumbnail size-thumbnail" alt="" /></a>
			</dt></dl><dl class='gallery-item'>
			<dt class='gallery-icon landscape'>
				<a href='https://valledeparedes.es/?attachment_id=101'><img loading="lazy" decoding="async" width="150" height="150" src="https://valledeparedes.es/wp-content/uploads/2013/09/dscf2953-150x150.jpg" class="attachment-thumbnail size-thumbnail" alt="" /></a>
			</dt></dl>
			<br style='clear: both' />
		</div>

<p>En el Valle de Paredes se pueden realizar varias rutas de senderismo, existiendo 4 de ellas señalizadas, siendo la más conocida la que discurre por las Hoces del Esva. PR AS-1: Hoces del Esva Su principal atractivo es el paisaje protegido de la Cuenca del Esva, la flora y la fauna, así como las maravillosas [&hellip;]</p>
