{"id":547,"date":"2014-11-05T16:40:05","date_gmt":"2014-11-05T16:40:05","guid":{"rendered":"http:\/\/valledeparedes.es\/?page_id=547"},"modified":"2014-11-05T16:40:05","modified_gmt":"2014-11-05T16:40:05","slug":"productos","status":"publish","type":"page","link":"https:\/\/valledeparedes.es\/?page_id=547","title":{"rendered":"Productos"},"content":{"rendered":"<p><span style=\"text-decoration:underline;color:#339966;\"><strong>Manzanas de sidra<\/strong><\/span><br \/>\nEl Valle de Paredes cuenta con la mayor explotaci\u00f3n de manzanas de sidra con denominaci\u00f3n de origen del concejo de Vald\u00e9s, concedida en 2002 por el Consejo Regulador de la Sidra de Asturias.<\/p>\n<p>Comenz\u00f3 con una peque\u00f1a plantaci\u00f3n en el a\u00f1o 2001, en una finca con 480 manzanos, para posteriormente ampliar tanto el n\u00famero de manzanos como el n\u00famero de fincas. En la actualidad cuenta con una extensi\u00f3n de m\u00e1s de 20.000 metros cuadrados y m\u00e1s de 1.500 manzanos de diferentes variedades de manzanas, como \u00a0la Regona, la Xuanina, San Roque\u00f1a, De la Riega, Collaos, Raxao, Solarina \u00f3 Durona de Tresali.<\/p>\n\n<p><span style=\"text-decoration:underline;color:#339966;\"><strong>Fabas<\/strong><\/span><br \/>\nEn los \u00faltimos a\u00f1os, ha aumentado la producci\u00f3n de fabas, debido a las buenas cosechas que se obtienen y tambi\u00e9n porque, \u00a0con\u00a0el abandono de la actividad ganadera, los propietarios de las tierras quieren cultiv\u00e1ndolas.<\/p>\n<p>Se cultivan de dos formas:<br \/>\n-Solo fabas, mediante la instalaci\u00f3n de palos y cuerdas, para que la planta se desarrolle<br \/>\n-Con ma\u00edz, donde la planta crecer\u00e1 alrededor del tronco, y permite\u00a0un mayor aprovechamiento de terreno al obtener tambi\u00e9n las mazorcas de ma\u00edz<\/p>\n<p>&nbsp;<\/p>\n<p><span style=\"text-decoration:underline;color:#339966;\"><strong>Miel<\/strong><\/span><br \/>\nDado el lugar en que se encuentra el valle y el entorno natural que lo rodea, propician que se obtenga \u00a0miel de calidad.<\/p>\n<p>Atr\u00e1s queda la \u00e9poca en que varios\u00a0cortines repartidos por los montes del valle proteg\u00edan las colmenas de los osos. Hoy en d\u00eda, libres de estos \u00faltimos, varios vecinos contin\u00faan manteniendo sus colmenas, teniendo incluso uno de ellos una marca registrada para la venta al p\u00fablico (\u00abMiel del Valle de Paredes\u00bb).<\/p>\n\n<p>&nbsp;<\/p>\n<p><span style=\"text-decoration:underline;color:#339966;\"><strong>Otros productos<\/strong><\/span><br \/>\nAdem\u00e1s de los mencionados, en el valle se cultivan gran variedad de hortalizas y verduras, como lechugas, cebollas, pimientos, jud\u00edas verdes, berzas, patatas&#8230;.. todas ellas en peque\u00f1os huertos, para el consumo propio.<\/p>\n<p>Adem\u00e1s, hay una peque\u00f1a presencia de otros \u00e1rboles frutales, que ofrecen frutos como peras, naranjas, cerezas, kiwis, piescos, limones \u00f3 uvas.<\/p>\n<p>Dado el entorno del Valle, rodeado por montes, tambi\u00e9n hay presencia de otros productos silvestres, como nueces, avellanas, casta\u00f1as, moras, rabiones (fresas silvestres) o setas.<\/p>\n","protected":false},"excerpt":{"rendered":"<p>Manzanas de sidra El Valle de Paredes cuenta con la mayor explotaci\u00f3n de manzanas de sidra con denominaci\u00f3n de origen del concejo de Vald\u00e9s, concedida en 2002 por el Consejo Regulador de la Sidra de Asturias. Comenz\u00f3 con una peque\u00f1a plantaci\u00f3n en el a\u00f1o 2001, en una finca con 480 manzanos, para posteriormente ampliar tanto [&hellip;]<\/p>\n","protected":false},"author":2,"featured_media":0,"parent":0,"menu_order":10,"comment_status":"open","ping_status":"open","template":"","meta":{"footnotes":""},"class_list":["post-547","page","type-page","status-publish","hentry"],"aioseo_notices":[],"_links":{"self":[{"href":"https:\/\/valledeparedes.es\/index.php?rest_route=\/wp\/v2\/pages\/547","targetHints":{"allow":["GET"]}}],"collection":[{"href":"https:\/\/valledeparedes.es\/index.php?rest_route=\/wp\/v2\/pages"}],"about":[{"href":"https:\/\/valledeparedes.es\/index.php?rest_route=\/wp\/v2\/types\/page"}],"author":[{"embeddable":true,"href":"https:\/\/valledeparedes.es\/index.php?rest_route=\/wp\/v2\/users\/2"}],"replies":[{"embeddable":true,"href":"https:\/\/valledeparedes.es\/index.php?rest_route=%2Fwp%2Fv2%2Fcomments&post=547"}],"version-history":[{"count":0,"href":"https:\/\/valledeparedes.es\/index.php?rest_route=\/wp\/v2\/pages\/547\/revisions"}],"wp:attachment":[{"href":"https:\/\/valledeparedes.es\/index.php?rest_route=%2Fwp%2Fv2%2Fmedia&parent=547"}],"curies":[{"name":"wp","href":"https:\/\/api.w.org\/{rel}","templated":true}]}}